650. Determine z(-24).
26
Let n(h) = 13*h - 21. What is n(-19)?
-268
Let o(r) = -114*r + 10000. Give o(88).
-32
Let y(k) = k - 69. Give y(29).
-40
Let j(n) = 6*n**2 - 27*n - 107. Calculate j(-6).
271
Let x(a) = -a**2 + 174*a - 6845. Determine x(114).
-5
Let a(o) = 1872*o + 33699. Calculate a(-18).
3
Let p(g) = g**3 + 33*g**2 + 114*g - 717. Determine p(-28).
11
Let f(n) = -n**2 - 15*n + 446. Calculate f(-29).
40
Let s(m) = 141*m + 898. Give s(-10).
-512
Let h(o) = -o**2 - 94*o - 438. Calculate h(-5).
7
Let u(a) = a**3 - a**2 + a. What is u(2)?
6
Let t(j) = -j**2 + 30*j - 172. Calculate t(22).
4
Let h(l) = -24*l**3 - l**2 - 117*l - 235. Calculate h(-2).
187
Let c(x) = 339*x + 6447. Give c(-19).
6
Let j(p) = -49*p + 39. What is j(12)?
-549
Let j(u) = -5*u**2 - 3*u + 51. Calculate j(-4).
-17
Let s(v) = v**3 + 11*v**2 + 5*v + 3. Calculate s(-9).
120
Let y(u) = -u**3 - 16*u**2 + 99*u + 30. Give y(-21).
156
Let p(i) = i**2 + 71*i - 16. Calculate p(-71).
-16
Let j(d) = 151*d - 1707. Give j(11).
-46
Let n(l) = 39*l - 179. Give n(-8).
-491
Let r(g) = -2*g**2 + 131*g + 1940. What is r(-13)?
-101
Let g(v) = 261*v + 1055. Determine g(-4).
11
Let l(i) = 124*i - 283. Determine l(3).
89
Let z(s) = 32*s + 43. Calculate z(5).
203
Let s(o) = -o**2 - 5*o + 41. Determine s(9).
-85
Let v(l) = 74*l + 260. Calculate v(-4).
-36
Let i(p) = -p**3 - 8*p**2 - 119*p - 804. What is i(-7)?
-20
Let z(s) = s**2 - 35*s + 110. Give z(31).
-14
Let a(k) = -1114*k - 11139. What is a(-10)?
1
Let o(b) = 7*b**2 - 44*b - 186. Determine o(9).
-15
Let i(t) = -t**3 + 25*t**2 + 8*t - 71. Calculate i(25).
129
Let w(n) = -10*n - 235. Determine w(-43).
195
Let k(a) = -28*a**2 + 22*a + 21. Calculate k(-1).
-29
Let n(s) = -82*s + 473. What is n(5)?
63
Let c(k) = 2*k - 2. Calculate c(15).
28
Let r(f) = 7*f**2 + 201*f + 120. Give r(-27).
-204
Let x(l) = -13*l - 584. Calculate x(-46).
14
Let z(d) = 665*d + 1991. Determine z(-3).
-4
Let b(r) = -2*r**2 + 73*r + 156. Calculate b(38).
42
Let l(p) = -755*p + 49826. Determine l(66).
-4
Let o(g) = 42*g - 149. Give o(3).
-23
Let w(o) = 6*o**2 - 61*o - 48. Calculate w(11).
7
Let k(y) = y**3 - 12*y**2 + 34*y - 424. Give k(12).
-16
Let q(c) = 5*c**2 - 247*c - 410. What is q(51)?
-2
Let f(n) = -3*n**2 - 71*n - 273. Calculate f(-5).
7
Let j(h) = -2*h**2 + 75*h - 704. Calculate j(22).
-22
Let g(a) = -534*a + 441. Calculate g(1).
-93
Let y(o) = -o**2 - 336*o + 6007. Calculate y(17).
6
Let a(n) = n**3 - 13*n**2 + 21*n + 40. Determine a(10).
-50
Let q(g) = -182*g - 899. Calculate q(-5).
11
Let o(b) = -b**3 + 29*b**2 - 63*b - 6. What is o(26)?
384
Let x(p) = 3*p**2 - 2*p - 54. Calculate x(0).
-54
Let s(o) = o**3 - 145*o**2 + 425*o + 140. Calculate s(142).
-2
Let c(s) = -14*s**2 + 144*s - 24. Give c(10).
16
Let h(s) = -s**2 + 5937*s + 23757. Determine h(-4).
-7
Let f(y) = -y + 28. What is f(5)?
23
Let a(o) = -260*o + 783. Determine a(3).
3
Let n(i) = -i**2 + 31*i - 139. Determine n(27).
-31
Let m(r) = -2*r**3 - 26*r**2 - 79*r + 17. Calculate m(-4).
45
Let o(s) = -74*s + 620. Give o(10).
-120
Let f(t) = -38*t + 2510. Determine f(80).
-530
Let f(l) = -25*l + 73. Determine f(6).
-77
Let m(z) = z**2 + 93*z + 1276. Calculate m(-69).
-380
Let a(v) = v**3 + 19*v**2 + 57*v - 81. Calculate a(-15).
-36
Let m(d) = d**2 + 10*d - 72. Determine m(4).
-16
Let y(d) = -655*d - 1465. Determine y(-2).
-155
Let y(q) = 355*q**2 + 1097*q + 16. Give y(-3).
-80
Let m(d) = -d**2 + 10*d + 295. Give m(-20).
-305
Let m(h) = 378*h + 5715. Determine m(-15).
45
Let g(y) = y**3 + 19*y**2 + 83*y + 11. Calculate g(-7).
18
Let v(c) = 6*c**3 + 3*c**2 - c + 1. Give v(-2).
-33
Let i(y) = 2*y**3 - 40*y**2 + 157*y + 326. What is i(13)?
1
Let s(k) = -k**3 - 4*k**2 - 18*k. Give s(0).
0
Let k(a) = -a**3 - 12*a**2 - 186*a - 2240. Calculate k(-12).
-8
Let o(v) = -315*v**2 + 2830*v + 45. Determine o(9).
0
Let z(g) = 95*g**3 - 6*g**2 + 2*g + 3. Determine z(-1).
-100
Let v(d) = 13*d**2 + 171*d - 911. What is v(5)?
269
Let n(w) = w**2 + 25*w - 539. What is n(-39)?
7
Let g(u) = -u**2 + 73*u - 773. Determine g(13).
7
Let x(q) = 632*q**2 - 146*q + 147. What is x(1)?
633
Let w(k) = -2*k**2 + 31*k + 964. Determine w(31).
3
Let a(p) = 128*p + 1154. Calculate a(-9).
2
Let y(t) = -105*t**2 + 895*t - 445. Determine y(8).
-5
Let b(p) = 240*p + 412. What is b(0)?
412
Let q(c) = c**3 - 28*c**2 - 18*c - 309. Give q(29).
10
Let m(l) = -7*l + 36. Determine m(22).
-118
Let g(f) = f**3 - 9*f**2 + 7*f + 31. Calculate g(7).
-18
Let i(k) = -k**3 - 32*k**2 - 8*k + 39. Give i(-32).
295
Let m(n) = 5*n**3 + 23*n**2 + 3*n - 19. Determine m(-5).
-84
Let v(i) = 2*i**3 - 60*i**2 + 187*i - 125. What is v(1)?
4
Let q(j) = -1719*j + 22359. Calculate q(13).
12
Let u(g) = g**3 + 29*g**2 - 82*g + 454. Determine u(-32).
6
Let w(g) = -7*g**3 - 2*g**2 - 38*g - 117. What is w(-4)?
451
Let c(g) = 68*g + 208. What is c(-4)?
-64
Let p(g) = 2*g**2 + 60*g - 197. Determine p(-35).
153
Let j(k) = -k**3 + 80*k**2 - 78*k - 208. Determine j(79).
-129
Let b(f) = -11*f**3 + f**2 + 45*f - 87. Calculate b(2).
-81
Let j(p) = -91*p + 746. What is j(8)?
18
Let o(l) = 14*l**2 + 936*l + 37. Determine o(-67).
171
Let b(p) = -4*p**3 - 47*p**2 + 3*p - 134. Determine b(-12).
-26
Let i(q) = -15*q**2 - 141*q - 60. What is i(-9)?
-6
Let y(f) = f**2 - 366*f + 7580. Determine y(22).
12
Let i(f) = -2*f**2 - 160*f + 2866. What is i(-95)?
16
Let z(q) = -q**3 - 27*q**2 + 7*q + 37. What is z(-27)?
-152
Let r(i) = i**2 - 10*i - 129. Determine r(18).
15
Let z(w) = w**3 - 47*w**2 - 94*w + 2198. Calculate z(48).
-10
Let l(g) = 2*g**2 - 52*g + 517. What is l(16)?
197
Let t(y) = -3*y**3 + 143*y**2 - 94*y - 10. Determine t(47).
-10
Let d(q) = 7*q + 125. Give d(-28).
-71
Let o(p) = -4*p**2 - 28*p - 62. Determine o(-5).
-22
Let f(x) = 53*x + 978. Give f(-18).
24
Let v(c) = -38*c - 360. Calculate v(-9).
-18
Let g(t) = t**3 + 65*t**2 + 843*t - 135. Give g(-47).
6
Let f(w) = w**2 - 40*w + 43. What is f(40)?
43
Let o(w) = w**3 - 9*w**2 + 263*w - 3122. Give o(11).
13
Let m(b) = -50*b - 115. Calculate m(-1).
-65
Let c(y) = 11809*y - 35413. Determine c(3).
14
Let f(y) = -512*y - 2552. Give f(-5).
8
Let f(q) = -21*q**2 - 17*q + 3. Determine f(-2).
-47
Let m(t) = 39*t - 139. Determine m(3).
-22
Let f(w) = -w**2 + 25*w + 596. What is f(35)?
246
Let z(s) = s**3 + 10*s**2 - 2*s - 1. Calculate z(-11).
-100
Let p(h) = -4*h**3 + 8*h**2 + 9*h + 3. Calculate p(2).
21
Let u(q) = -9*q**2 + 3461*q + 3461. What is u(-1)?
-9
Let d(t) = -3*t + 379. Determine d(0).
379
Let q(v) = -63*v**3 + 1511*v**2 + 25*v - 26. What is q(24)?
-2
Let i(o) = -79*o - 1051. Give i(-14).
55
Let m(a) = 4*a**2 + 26*a - 163. Give m(4).
5
Let u(b) = 648*b - 2583. Give u(4).
9
Let y(r) = r**3 + 3*r**2 - 3*r - 10. Determine y(-2).
0
Let h(k) = -k**3 - 2*k**2 + 54*k - 71. Calculate h(-9).
10
Let o(f) = 187*f - 23. Calculate o(0).
-23
Let a(c) = -4*c**3 - c**2 + 61*c - 10. Determine a(-4).
-14
Let v(x) = -4*x**2 + 106*x + 80. What is v(21)?
542
Let r(m) = -3*m - 101. What is r(43)?
-230
Let i(q) = 104*q + 897. Give i(-10).
-143
Let z(l) = -l**3 - l - 32. Give z(5).
-162
Let j(g) = 13*g**2 + 25*g - 29. Give j(-8).
603
Let j(i) = i**3 - 4*i**2 - 9*i + 44. Give j(-4).
-48
Let u(k) = -212*k - 4217. Determine u(-20).
23
Let b(d) = -d**2 - 48*d - 123. Give b(-3).
12
Let w(g) = -3*g**2 + 108*g - 377. Calculate w(38).
-605
Let k(v) = v**2 - 49*v + 528. Determine k(32).
-16
Let h(x) = -2*x**3 - 41*x**2 - 142*x - 54. What is h(-16)?
-86
Let f(c) = 6*c**2 - 285*c + 405. Determine f(46).
-9
Let x(j) = -j**2 + 39*j + 689. Give x(-15).
-121
Let t(s) = s**2 - 46*s - 4. What is t(38)?
-308
Let n(h) = -h**3 - 163*h**2 - 401*h - 38731. Give n(-162).
-13
Let x(j) = 59*j**2 + 13920*j - 944. Calculate x(-236).
0
Let u(a) = -51*a + 22. Give u(7).
-335
Let x(g) = -292*g - 2051. What is x(-7)?
-7
Let f(o) = o**2 - 125*o + 491. Calculate f(4).
7
Let f(t) = t**3 + 29*t**2 + 120*t + 17. Give f(-24).
17
Let f(z) = -472*z**2 - 7549*z + 48. Calculate f(-16).
0
Let c(k) = -k**2 + 2*k + 32. Give c(-9).
-67
Let s(j) = 611*j + 1209. Give s(-2).
-13
Let p(h) = -h**3 - 52*h**2 - 388*h - 34. Determine p(-43).
9
Let b(w) = -2*w**3 - 28*w**2 + 289*w + 33. What is b(7)?
-2
Let v(u) = -5*u**3 - 38*u**2 + 10*u - 56. Determine v(-8).
-8
Let g(s) = -262*s + 1036. Calculate g(4).
-1